08-06 20:50:18.115 14470 14912 I AXL : /storage/emulated/0/Android/data/com.bratva.game/files/DATA/DEFAULT.DAT
08-06 20:50:18.117 14470 14912 I AXL : /storage/emulated/0/Android/data/com.bratva.game/files/DATA/DEFAULT.IDE
08-06 20:50:18.119 14470 14912 I AXL : Loading vehicles.ide..
08-06 20:50:18.119 14470 14912 I AXL : /storage/emulated/0/Android/data/com.bratva.game/files/SAMP/vehicles.ide
08-06 20:50:18.124 14470 14912 I AXL : Loading peds.ide..
08-06 20:50:18.124 14470 14912 I AXL : /storage/emulated/0/Android/data/com.bratva.game/files/SAMP/peds.ide
08-06 20:50:18.131 14470 14912 I AXL : /storage/emulated/0/Android/data/com.bratva.game/files/MODELS/COLL/WEAPONS.COL
08-06 20:50:18.131 14470 14912 I AXL : Loading gta.dat..
08-06 20:50:18.131 14470 14912 I AXL : /storage/emulated/0/Android/data/com.bratva.game/files/SAMP/gta.dat
08-06 20:50:18.133 14470 14912 I AXL : Loading script.img..
08-06 20:50:18.133 14470 14912 I AXL : /storage/emulated/0/Android/data/com.bratva.game/files/SAMP/script.img
08-06 20:50:18.133 14470 14912 I AXL : [BAG_OBJECT] AddImageToList: DATA\SCRIPT\SCRIPTV1.IMG -> slot 6, handle 0x06000000 (img index 6)
08-06 20:50:18.133 14470 14912 I AXL : /storage/emulated/0/Android/data/com.bratva.game/files/DATA/MAPS/paths.IMG
08-06 20:50:18.133 14470 14912 I AXL : NVFOpen hook | Error: file not found (/storage/emulated/0/Android/data/com.bratva.game/files/DATA/MAPS/paths.IMG)
08-06 20:50:18.133 14470 14912 I AXL : [BAG_OBJECT] AddImageToList: failed to open DATA\MAPS\paths.IMG, slot 7 left free
08-06 20:50:18.133 14470 14912 I AXL : /storage/emulated/0/Android/data/com.bratva.game/files/DATA/MAPS/IDE/LAND/LAND_1.IDE
08-06 20:50:18.140 14470 14912 I AXL : /storage/emulated/0/Android/data/com.bratva.game/files/DATA/MAPS/IDE/LAND/LAND_2.IDE
08-06 20:50:18.142 14470 14912 I AXL : /storage/emulated/0/Android/data/com.bratva.game/files/DATA/MAPS/IDE/LAND/LAND_3.IDE
08-06 20:50:18.146 14470 14912 I AXL : /storage/emulated/0/Android/data/com.bratva.game/files/DATA/MAPS/IDE/LAND/LAND_4.IDE
08-06 20:50:18.150 14470 14912 I AXL : /storage/emulated/0/Android/data/com.bratva.game/files/DATA/MAPS/IDE/LAND/MOUNT.IDE
08-06 20:50:18.160 14470 14912 I AXL : /storage/emulated/0/Android/data/com.bratva.game/files/DATA/MAPS/IDE/MISC_PROPS.IDE
08-06 20:50:18.166 14470 14912 I AXL : /storage/emulated/0/Android/data/com.bratva.game/files/DATA/MAPS/IDE/arzamas_build.ide
08-06 20:50:18.170 14470 14912 I AXL : /storage/emulated/0/Android/data/com.bratva.game/files/DATA/MAPS/IDE/batyrevo_build.IDE
08-06 20:50:18.172 14470 14912 I AXL : /storage/emulated/0/Android/data/com.bratva.game/files/DATA/MAPS/IDE/lytkarino_build.ide
08-06 20:50:18.174 14470 14912 I AXL : /storage/emulated/0/Android/data/com.bratva.game/files/DATA/MAPS/IDE/edovo_build.ide
08-06 20:50:18.175 14470 14912 I AXL : /storage/emulated/0/Android/data/com.bratva.game/files/DATA/MAPS/IDE/mount_build.ide
08-06 20:50:18.176 14470 14912 I AXL : /storage/emulated/0/Android/data/com.bratva.game/files/DATA/MAPS/IDE/garel_build.ide
08-06 20:50:18.177 14470 14912 I AXL : /storage/emulated/0/Android/data/com.bratva.game/files/DATA/MAPS/IDE/busaevo_build.ide
08-06 20:50:18.178 14470 14912 I AXL : /storage/emulated/0/Android/data/com.bratva.game/files/DATA/MAPS/IDE/most.ide
08-06 20:50:18.178 14470 14912 I AXL : /storage/emulated/0/Android/data/com.bratva.game/files/DATA/MAPS/IDE/mGLOBAL.ide
08-06 20:50:18.179 14470 14912 I AXL : /storage/emulated/0/Android/data/com.bratva.game/files/DATA/MAPS/int_mods/mod_int.IDE
08-06 20:50:18.183 14470 14912 I AXL : /storage/emulated/0/Android/data/com.bratva.game/files/DATA/MAPS/IDE/accecuares.IDE
08-06 20:50:18.185 14470 14912 I AXL : /storage/emulated/0/Android/data/com.bratva.game/files/DATA/MAPS/generic/dynamic.IDE
08-06 20:50:18.188 14470 14912 I AXL : /storage/emulated/0/Android/data/com.bratva.game/files/DATA/MAPS/generic/dynamic2.IDE
08-06 20:50:18.191 14470 14912 I AXL : /storage/emulated/0/Android/data/com.bratva.game/files/DATA/MAPS/generic/multiobj.IDE
08-06 20:50:18.194 14470 14912 I AXL : /storage/emulated/0/Android/data/com.bratva.game/files/DATA/MAPS/generic/procobj.IDE
08-06 20:50:18.196 14470 14912 I AXL : /storage/emulated/0/Android/data/com.bratva.game/files/DATA/MAPS/leveldes/levelxre.IDE
08-06 20:50:18.200 14470 14912 I AXL : /storage/emulated/0/Android/data/com.bratva.game/files/DATA/MAPS/misc/skybox.IDE
08-06 20:50:18.201 14470 14912 I AXL : /storage/emulated/0/Android/data/com.bratva.game/files/DATA/MAPS/misc/SAMP.IDE
08-06 20:50:18.216 14470 14912 I AXL : /storage/emulated/0/Android/data/com.bratva.game/files/DATA/MAPS/misc/veh_mods.IDE
08-06 20:50:18.235 14470 14912 I AXL : /storage/emulated/0/Android/data/com.bratva.game/files/DATA/OBJECT.DAT
08-06 20:50:18.325 14470 14912 I AXL : /storage/emulated/0/Android/data/com.bratva.game/files/DATA/CARMODS.DAT
08-06 20:50:18.382 14470 14912 I AXL : /storage/emulated/0/Android/data/com.bratva.game/files/MODELS/MINFO.BIN
08-06 20:50:18.384 14470 14912 I AXL : /storage/emulated/0/Android/data/com.bratva.game/files/TEXDB/GTA3.IMG
08-06 20:50:18.385 14470 14912 I AXL : /storage/emulated/0/Android/data/com.bratva.game/files/TEXDB/GTA_INT.IMG
08-06 20:50:18.389 14470 14912 I AXL : /storage/emulated/0/Android/data/com.bratva.game/files/TEXDB/CARS.IMG
08-06 20:50:18.389 14470 14912 I AXL : /storage/emulated/0/Android/data/com.bratva.game/files/TEXDB/SKINS.IMG
08-06 20:50:18.391 14470 14912 I AXL : /storage/emulated/0/Android/data/com.bratva.game/files/TEXDB/SAMP.IMG
08-06 20:50:18.392 14470 14912 I AXL : /storage/emulated/0/Android/data/com.bratva.game/files/TEXDB/SAMPCOL.IMG
08-06 20:50:18.392 14470 14912 I AXL : Loading script.img..
08-06 20:50:18.392 14470 14912 I AXL : /storage/emulated/0/Android/data/com.bratva.game/files/SAMP/script.img
08-06 20:50:18.392 14470 14912 I AXL : [BAG_OBJECT] CStreaming::Init2: ms_memoryAvailable native 25600000 -> forced 536870912 (as size_t 0x0000000003200000), used 0x0000000000000000, bufferSize 1890, buffers 0xb400006e75805800 / 0xb400006e75bb6800
08-06 20:50:19.119 14470 14912 I AXL : /storage/emulated/0/Android/data/com.bratva.game/files/DATA/MAPS/IPL/LAND/LAND_1.IPL
08-06 20:50:19.140 14470 14912 I AXL : /storage/emulated/0/Android/data/com.bratva.game/files/DATA/MAPS/IPL/LAND/LAND_2.IPL
08-06 20:50:19.147 14470 14912 I AXL : /storage/emulated/0/Android/data/com.bratva.game/files/DATA/MAPS/IPL/LAND/LAND_3.IPL
08-06 20:50:19.159 14470 14912 I AXL : /storage/emulated/0/Android/data/com.bratva.game/files/DATA/MAPS/IPL/LAND/LAND_4.IPL
08-06 20:50:19.166 14470 14912 I AXL : /storage/emulated/0/Android/data/com.bratva.game/files/DATA/MAPS/IPL/LAND/MOUNT.IPL
08-06 20:50:19.179 14470 14912 I AXL : /storage/emulated/0/Android/data/com.bratva.game/files/DATA/MAPS/IPL/MISC_STREAM.IPL
08-06 20:50:19.179 14470 14912 I AXL : /storage/emulated/0/Android/data/com.bratva.game/files/DATA/MAPS/IPL/arzamas_build.ipl
08-06 20:50:19.183 14470 14912 I AXL : /storage/emulated/0/Android/data/com.bratva.game/files/DATA/MAPS/IPL/batyrevo_build.IPL
08-06 20:50:19.186 14470 14912 I AXL : /storage/emulated/0/Android/data/com.bratva.game/files/DATA/MAPS/IPL/lytkarino_build.ipl
08-06 20:50:19.187 14470 14912 I AXL : /storage/emulated/0/Android/data/com.bratva.game/files/DATA/MAPS/IPL/edovo_build.ipl
08-06 20:50:19.188 14470 14912 I AXL : /storage/emulated/0/Android/data/com.bratva.game/files/DATA/MAPS/IPL/mount_build.ipl
08-06 20:50:19.191 14470 14912 I AXL : /storage/emulated/0/Android/data/com.bratva.game/files/DATA/MAPS/IPL/garel_build.ipl
08-06 20:50:19.192 14470 14912 I AXL : /storage/emulated/0/Android/data/com.bratva.game/files/DATA/MAPS/IPL/busaevo_build.ipl
08-06 20:50:19.194 14470 14912 I AXL : /storage/emulated/0/Android/data/com.bratva.game/files/DATA/MAPS/IPL/most.ipl
08-06 20:50:19.194 14470 14912 I AXL : /storage/emulated/0/Android/data/com.bratva.game/files/DATA/MAPS/IPL/mGLOBAL.ipl
08-06 20:50:19.196 14470 14912 I AXL : /storage/emulated/0/Android/data/com.bratva.game/files/DATA/MAPS/int_mods/mod_int.ipl
08-06 20:50:19.200 14470 14912 I AXL : /storage/emulated/0/Android/data/com.bratva.game/files/DATA/MAP.ZON
08-06 20:50:19.202 14470 14912 I AXL : /storage/emulated/0/Android/data/com.bratva.game/files/DATA/INFO.ZON
08-06 20:50:19.206 14470 14912 I AXL : [BAG_OBJECT] OS_FileWrite: запись отброшена (file 0xb400006e92255600, buf 0xb400006e9278bd00, 0 байт)
08-06 20:50:19.207 14470 14912 I AXL : [texdbg] !!! MISS: texture '' NOT FOUND in any loaded db
08-06 20:50:19.207 14470 14912 I AXL : /storage/emulated/0/Android/data/com.bratva.game/files/TEXDB/PLAYER.IMG
08-06 20:50:19.207 14470 14912 I AXL : [BAG_OBJECT] AddImageToList: TEXDB\PLAYER.IMG -> slot 7, handle 0x07000000 (img index 7)
08-06 20:50:19.207 14470 14912 I AXL : /storage/emulated/0/Android/data/com.bratva.game/files/DATA/CLOTHES.DAT
08-06 20:50:19.209 14470 14912 I AXL : /storage/emulated/0/Android/data/com.bratva.game/files/DATA/water.dat
08-06 20:50:19.209 14470 14912 I AXL : [BAG_OBJECT] dircheck: img 0 'TEXDB\GTA3.IMG' -> 1135 DFF models
08-06 20:50:19.209 14470 14912 I AXL : [BAG_OBJECT] dircheck: img 1 'TEXDB\GTA_INT.IMG' -> 8397 DFF models
08-06 20:50:19.209 14470 14912 I AXL : [BAG_OBJECT] dircheck: img 2 'TEXDB\CARS.IMG' -> 224 DFF models
08-06 20:50:19.209 14470 14912 I AXL : [BAG_OBJECT] dircheck: img 3 'TEXDB\SKINS.IMG' -> 311 DFF models
08-06 20:50:19.210 14470 14912 I AXL : [BAG_OBJECT] dircheck: img 4 'TEXDB\SAMP.IMG' -> 1424 DFF models
08-06 20:50:19.210 14470 14912 I AXL : [BAG_OBJECT] dircheck: img 5 'TEXDB\SAMPCOL.IMG' -> 0 DFF models
08-06 20:50:19.210 14470 14912 I AXL : [BAG_OBJECT] dircheck: img 6 'DATA\SCRIPT\SCRIPTV1.IMG' -> 0 DFF models
08-06 20:50:19.210 14470 14912 I AXL : [BAG_OBJECT] dircheck: img 7 'TEXDB\PLAYER.IMG' -> 0 DFF models
08-06 20:50:19.210 14470 14912 I AXL : [BAG_OBJECT] dircheck: model 7 (male01) img 3 posn 67827 size 135 | DFF without posn: 8509
08-06 20:50:19.214 14470 14912 I AXL : /storage/emulated/0/Android/data/com.bratva.game/files/ANIM/PED.IFP
08-06 20:50:19.229 14470 14912 I AXL : /storage/emulated/0/Android/data/com.bratva.game/files/DATA/PED.DAT
08-06 20:50:19.231 14470 14912 I AXL : [texdbg] !!! MISS: texture '' NOT FOUND in any loaded db
08-06 20:50:19.231 14470 14912 I AXL : [texdbg] !!! MISS: texture '' NOT FOUND in any loaded db
08-06 20:50:19.232 14470 14912 I AXL : Loading weapon.dat..
08-06 20:50:19.232 14470 14912 I AXL : /storage/emulated/0/Android/data/com.bratva.game/files/SAMP/weapon.dat
08-06 20:50:19.234 14470 14912 I AXL : /storage/emulated/0/Android/data/com.bratva.game/files/data/paths/roadblox.dat
08-06 20:50:19.234 14470 14912 I AXL : /storage/emulated/0/Android/data/com.bratva.game/files/DATA/PEDGRP.DAT
08-06 20:50:19.250 14470 14912 I AXL : /storage/emulated/0/Android/data/com.bratva.game/files/DATA/CARGRP.DAT
08-06 20:50:19.261 14470 14912 I AXL : Loading /storage/emulated/0/Android/data/com.bratva.game/files/SAMP/main.scm
08-06 20:50:19.261 14470 14912 I AXL : /storage/emulated/0/Android/data/com.bratva.game/files/SAMP/main.scm
08-06 20:50:19.263 14470 14912 I AXL : /storage/emulated/0/Android/data/com.bratva.game/files/DATA/GRIDREF.DAT
08-06 20:50:19.264 14470 14912 I AXL : /storage/emulated/0/Android/data/com.bratva.game/files/DATA/AR_STATS.DAT
08-06 20:50:19.264 14470 14912 I AXL : /storage/emulated/0/Android/data/com.bratva.game/files/DATA/STATDISP.DAT
08-06 20:50:19.265 14470 14912 I AXL : CClouds::Init()
08-06 20:50:19.265 14470 14912 I AXL : [texdbg][clouds] cloud1=0xb400006e8a5f37f8 cloudmasked=0xb400006e94042be8 lunar=0xb400006e8a5f3860 cloudhigh=0xb400006e8a5f38c8
08-06 20:50:19.269 14470 14912 I AXL : /storage/emulated/0/Android/data/com.bratva.game/files/data/shopping.dat
08-06 20:50:19.406 14470 14912 I AXL : /storage/emulated/0/Android/data/com.bratva.game/files/data/furnitur.dat
08-06 20:50:19.441 14470 14912 I AXL : /storage/emulated/0/Android/data/com.bratva.game/files/data/procobj.dat
08-06 20:50:19.573 14470 14912 I AXL : CGame: InitInGame
08-06 20:50:19.574 14470 14912 I AXL : Installing patches (ingame)..
08-06 20:50:19.574 14470 14912 I AXL : [dbg:samp:load] : voice module loading...
08-06 20:50:19.574 14470 14912 I AXL : [dbg:render:init] : module initializing...
08-06 20:50:19.574 14470 14912 I AXL : [dbg:render:init] : module initialized
08-06 20:50:19.574 14470 14912 I AXL : [dbg:samp:init] : module initializing...
08-06 20:50:19.574 14470 14912 I AXL : [dbg:samp:init] : module initialized
08-06 20:50:19.574 14470 14912 I AXL : [sv:dbg:network:init] : module initializing...
08-06 20:50:19.574 14470 14912 I AXL : [sv:dbg:network:init] : module initialized
08-06 20:50:19.574 14470 14912 I AXL : [sv:dbg:playback:init] : module initializing...
08-06 20:50:19.574 14470 14912 I AXL : [sv:dbg:playback:init] : module initialized
08-06 20:50:19.574 14470 14912 I AXL : [sv:dbg:playback:bassinithook] : module loading...
08-06 20:50:19.574 14470 14912 I AXL : [sv:dbg:playback:bassinithook] : calling function BASS_Init(device:-1, freq:48000, flags:0x6)...
08-06 20:50:19.579 14470 14912 I AAudio : AAudioStreamBuilder_openStream() called ----------------------------------------
08-06 20:50:19.579 14470 14912 I AudioStreamBuilder: rate = 0, channels = 1, channelMask = 0x80000001, format = 0, sharing = SH, dir = OUTPUT
08-06 20:50:19.579 14470 14912 I AudioStreamBuilder: device = 0, sessionId = 0, perfMode = 12, callback: ON with frames = 0
08-06 20:50:19.579 14470 14912 I AudioStreamBuilder: usage = 1, contentType = 0, inputPreset = 0, allowedCapturePolicy = 0
08-06 20:50:19.579 14470 14912 I AudioStreamBuilder: privacy sensitive = false, opPackageName = (null), attributionTag = (null)
08-06 20:50:19.580 14470 14912 D AudioStreamBuilder: build() MMAP not used because sessionId specified.
08-06 20:50:19.580 14470 14912 D com.bratva.game: PlayerBase::PlayerBase()
08-06 20:50:19.581 14470 14912 D AudioStreamTrack: open(), request notificationFrames = -8, frameCount = 0
08-06 20:50:19.593 14470 14912 D AudioStreamTrack: open() flags changed from 0x00000004 to 0x00000000
08-06 20:50:19.593 14470 14912 D AudioStreamTrack: open() perfMode changed from 12 to 10
08-06 20:50:19.593 14470 14912 D AAudioStream: setState(s#1) from 0 to 2
08-06 20:50:19.595 14470 14912 I AAudio : AAudioStreamBuilder_openStream() returns 0 = AAUDIO_OK for s#1 ----------------
08-06 20:50:19.595 14470 14912 D AAudio : AAudioStream_close(s#1) called ---------------
08-06 20:50:19.595 14470 14912 D AAudioStream: setState(s#1) from 2 to 11
08-06 20:50:19.596 14470 14912 D AAudioStream: setState(s#1) from 11 to 12
08-06 20:50:19.596 14470 14912 D AAudioStream: ~AudioStream(s#1) mPlayerBase strongCount = 2
08-06 20:50:19.596 14470 14912 D AAudio : AAudioStream_close(s#1) returned 0 ---------
08-06 20:50:19.596 14470 14912 I AAudio : AAudioStreamBuilder_openStream() called ----------------------------------------
08-06 20:50:19.596 14470 14912 I AudioStreamBuilder: rate = 0, channels = 1, channelMask = 0x80000001, format = 0, sharing = SH, dir = OUTPUT
08-06 20:50:19.596 14470 14912 I AudioStreamBuilder: device = 0, sessionId = 0, perfMode = 12, callback: ON with frames = 480
08-06 20:50:19.596 14470 14912 I AudioStreamBuilder: usage = 1, contentType = 0, inputPreset = 0, allowedCapturePolicy = 0
08-06 20:50:19.596 14470 14912 I AudioStreamBuilder: privacy sensitive = false, opPackageName = (null), attributionTag = (null)
08-06 20:50:19.596 14470 14912 D AudioStreamBuilder: build() MMAP not used because sessionId specified.
08-06 20:50:19.596 14470 14912 D com.bratva.game: PlayerBase::PlayerBase()
08-06 20:50:19.597 14470 14912 D AudioStreamTrack: open(), request notificationFrames = 0, frameCount = 1920
08-06 20:50:19.607 14470 14912 D AudioStreamTrack: open() flags changed from 0x00000004 to 0x00000000
08-06 20:50:19.607 14470 14912 D AudioStreamTrack: open() perfMode changed from 12 to 10
08-06 20:50:19.607 14470 14912 D AAudioStream: setState(s#2) from 0 to 2
08-06 20:50:19.609 14470 14912 I AAudio : AAudioStreamBuilder_openStream() returns 0 = AAUDIO_OK for s#2 ----------------
08-06 20:50:19.611 14470 14912 I AXL : [sv:dbg:playback:bassinithook] : module loaded
08-06 20:50:19.611 14470 14912 I AXL : [dbg:samp:load] : voice module loaded
08-06 20:50:19.612 14470 14470 I System.out: getInstance: 6
08-06 20:50:19.619 14470 14912 I AXL : /storage/emulated/0/Android/data/com.bratva.game/files/AUDIO/STREAMS/AMBIENCE.osw
08-06 20:50:19.621 14470 14912 I AXL : /storage/emulated/0/Android/data/com.bratva.game/files/AUDIO/STREAMS/AMBIENCE.osw.idx
08-06 20:50:19.622 14470 14912 I AXL : /storage/emulated/0/Android/data/com.bratva.game/files/AUDIO/STREAMS/AMBIENCE.osw
08-06 20:50:19.651 14470 14912 I RPC called: Registering RPC's..
08-06 20:50:19.651 14470 14912 I RPC called: Registering ScriptRPC's..
08-06 20:50:19.651 14470 14912 I AXL : SetGameState, old = 111, new = 9
08-06 20:50:19.652 14470 14912 I AXL : CNetGame createt obj
08-06 20:50:19.652 14470 14912 I AXL : InitInGame() end
08-06 20:50:19.672 14470 14912 I AXL : GUI | CreateDeviceObjects.
08-06 20:50:19.689 14470 14912 I AXL : GUI | Font atlas width: 512, height: 512, depth: 32
08-06 20:50:19.695 14470 14912 I AXL : GUI | Vertex buffer reallocated. Size: 30000
08-06 20:50:20.098 14470 14470 I System.out: getInstance: 11
08-06 20:50:20.281 14470 14470 I System.out: getInstance: 11
08-06 20:50:20.282 14470 14470 I System.out: instance ready for 11, return ui
08-06 20:50:20.282 14470 14470 I System.out: getInstance: 11
08-06 20:50:20.282 14470 14470 I System.out: instance ready for 11, return ui
08-06 20:50:20.282 14470 14470 I System.out: getInstance: 11
08-06 20:50:20.282 14470 14470 I System.out: instance ready for 11, return ui
08-06 20:50:20.477 14470 14522 W OpenGLRenderer: dequeueBuffer failed, error = -110; switching to fallback
08-06 20:50:22.795 14470 14912 I AXL : SetGameState, old = 9, new = 13
08-06 20:50:23.319 14470 14912 I RPC called: WorldTime
08-06 20:50:23.519 14470 14912 I AXL : ID_CONNECTION_REQUEST_ACCEPTED received
08-06 20:50:23.519 14470 14912 I AXL : Packet_ConnectionSucceeded called
08-06 20:50:23.519 14470 14912 I AXL : SetGameState, old = 13, new = 15
08-06 20:50:23.519 14470 14912 I AXL : Message 'Подключено. Присоединение к игре...' sent, thiz=0x3546
08-06 20:50:23.519 14470 14912 I AXL : [voice] handshake SKIPPED (voice connect disabled for reconnect test)
08-06 20:50:23.586 14470 14912 I RPC called: RPC: ServerJoin
08-06 20:50:23.586 14470 14912 I RPC called: RPC: ServerJoin
08-06 20:50:23.586 14470 14912 I RPC called: RPC: ServerJoin
08-06 20:50:23.586 14470 14912 I RPC called: RPC: ServerJoin
08-06 20:50:23.586 14470 14912 I RPC called: RPC: ServerJoin
08-06 20:50:23.586 14470 14912 I RPC called: RPC: ServerJoin
08-06 20:50:23.586 14470 14912 I RPC called: RPC: ServerJoin
08-06 20:50:23.586 14470 14912 I RPC called: RPC: ServerJoin
08-06 20:50:23.586 14470 14912 I RPC called: RPC: ServerJoin
08-06 20:50:23.586 14470 14912 I RPC called: RPC: ServerJoin
08-06 20:50:23.586 14470 14912 I RPC called: RPC: ServerJoin
08-06 20:50:23.586 14470 14912 I RPC called: RPC: ScrSetPlayerSpecialAction
08-06 20:50:23.586 14470 14912 I RPC called: RPC: ScrTogglePlayerSpectating
08-06 20:50:23.586 14470 14912 I AXL : toggle: 1
08-06 20:50:23.586 14470 14912 I RPC called: ClientMessage
08-06 20:50:23.586 14470 14912 I RPC called: ScrSetPlayerColor
08-06 20:50:23.586 14470 14912 I RPC called: RPC: TogglePlayerControllable
08-06 20:50:23.587 14470 14912 I RPC called: RPC: InitGame
08-06 20:50:23.587 14470 14912 I AXL : SetGameState, old = 15, new = 14
08-06 20:50:23.595 14470 14912 I RPC called: ScrSetPlayerColor
08-06 20:50:23.595 14470 14912 I RPC called: ClientMessage
08-06 20:50:23.595 14470 14912 I RPC called: Packet_CustomRPC with id 2
08-06 20:50:23.595 14470 14912 I RPC called: Packet_CustomRPC with id 2
08-06 20:50:23.596 14470 14912 I RPC called: ScrSetPlayerHealth
08-06 20:50:23.596 14470 14912 I RPC called: ScrSetPlayerColor
08-06 20:50:23.596 14470 14912 I RPC called: ClientMessage
08-06 20:50:23.596 14470 14912 I RPC called: ScrSetPlayerColor
08-06 20:50:23.616 14470 14470 I System.out: getInstance: 11
08-06 20:50:23.616 14470 14470 I System.out: instance ready for 11, return ui
08-06 20:50:23.902 14470 14470 D CompatibilityChangeReporter: Compat change id reported: 247079863; UID 10690; state: ENABLED
08-06 20:50:24.212 14470 14912 I RPC called: WorldTime
08-06 20:50:25.211 14470 14912 I RPC called: WorldTime
08-06 20:50:26.219 14470 14912 I RPC called: WorldTime
08-06 20:50:26.545 14470 14470 I ImeTracker: com.bratva.game:2bbfdd41: onRequestHide at ORIGIN_CLIENT_HIDE_SOFT_INPUT reason HIDE_SOFT_INPUT
08-06 20:50:26.623 14470 14912 I RPC called: RPC: ScrSetPlayerTeam
08-06 20:50:26.623 14470 14912 I RPC called: > SetSpawnInfo
08-06 20:50:26.623 14470 14912 I RPC called: > CLocalPlayer::SetSpawnInfo(PLAYER_SPAWN_INFO* pSpawnInfo)
08-06 20:50:26.623 14470 14912 I RPC called: RPC: ScrTogglePlayerSpectating
08-06 20:50:26.623 14470 14912 I RPC called: CLocalPlayer::Spawn
08-06 20:50:26.673 14470 14912 I AXL : toggle: 0
08-06 20:50:26.673 14470 14912 I RPC called: > RequestSpawn
08-06 20:50:26.673 14470 14912 I RPC called: CLocalPlayer::Spawn
08-06 20:50:26.673 14470 14470 I System.out: getInstance: 6
08-06 20:50:26.673 14470 14470 I System.out: instance ready for 6, return ui
08-06 20:50:26.673 14470 14912 I RPC called: ClientMessage
08-06 20:50:26.682 14470 14912 I AXL : /storage/emulated/0/Android/data/com.bratva.game/files/AUDIO/STREAMS/AMBIENCE.osw
08-06 20:50:26.694 14470 14470 I System.out: getInstance: 6
08-06 20:50:26.695 14470 14470 I System.out: instance ready for 6, return ui
08-06 20:50:26.740 14470 14912 I RPC called: SetArmedWeapon
08-06 20:50:26.740 14470 14912 I RPC called: ScrApplyPlayerAnimation
08-06 20:50:26.740 14470 14912 I RPC called: ScrApplyPlayerAnimation
08-06 20:50:26.740 14470 14912 I RPC called: ScrApplyPlayerAnimation
08-06 20:50:26.740 14470 14912 I RPC called: ScrApplyPlayerAnimation
08-06 20:50:26.740 14470 14912 I RPC called: RPC: ScrSetPlayerSkin
08-06 20:50:26.740 14470 14912 I RPC called: ScrSetPlayerHealth
08-06 20:50:26.740 14470 14912 I RPC called: RPC: ScrSetPlayerInterior
08-06 20:50:26.741 14470 14912 I RPC called: ScrSetPlayerColor
08-06 20:50:26.742 14470 14912 I RPC called: SetArmedWeapon
08-06 20:50:26.742 14470 14912 I RPC called: RPC: ScrSetPlayerSkin
08-06 20:50:26.742 14470 14912 I RPC called: ScrSetPlayerHealth
08-06 20:50:26.742 14470 14912 I RPC called: RPC: ScrSetPlayerInterior
08-06 20:50:26.743 14470 14912 I RPC called: ScrSetPlayerColor
08-06 20:50:27.332 14470 14912 I RPC called: WorldTime
08-06 20:50:28.242 14470 14912 I RPC called: WorldTime
08-06 20:50:29.110 14470 14470 I AssistStructure: Flattened final assist data: 9084 bytes, containing 1 windows, 84 views
08-06 20:50:29.258 14470 14912 I RPC called: WorldTime
08-06 20:50:30.249 14470 14912 I RPC called: WorldTime
08-06 20:50:31.246 14470 14912 I RPC called: WorldTime
08-06 20:50:32.211 14470 14912 I RPC called: WorldTime
08-06 20:50:33.216 14470 14912 I RPC called: WorldTime
08-06 20:50:34.285 14470 14912 I RPC called: WorldTime
08-06 20:50:35.219 14470 14912 I RPC called: WorldTime
08-06 20:50:36.323 14470 14912 I RPC called: WorldTime
08-06 20:50:37.257 14470 14912 I RPC called: WorldTime
08-06 20:50:38.210 14470 14912 I RPC called: WorldTime
08-06 20:50:39.302 14470 14912 I RPC called: WorldTime
08-06 20:50:40.319 14470 14912 I RPC called: WorldTime
08-06 20:50:41.207 14470 14912 I RPC called: WorldTime
08-06 20:50:42.269 14470 14912 I RPC called: WorldTime
08-06 20:50:43.294 14470 14912 I RPC called: WorldTime
08-06 20:50:44.218 14470 14912 I RPC called: WorldTime
08-06 20:50:45.243 14470 14912 I RPC called: WorldTime
08-06 20:50:46.216 14470 14912 I RPC called: WorldTime
08-06 20:50:47.284 14470 14912 I RPC called: WorldTime
08-06 20:50:48.303 14470 14912 I RPC called: WorldTime
08-06 20:50:49.222 14470 14912 I RPC called: WorldTime
08-06 20:50:50.256 14470 14912 I RPC called: WorldTime
08-06 20:50:51.293 14470 14912 I RPC called: WorldTime
08-06 20:50:52.332 14470 14912 I RPC called: WorldTime
08-06 20:50:53.321 14470 14912 I RPC called: WorldTime
08-06 20:50:54.242 14470 14912 I RPC called: WorldTime
08-06 20:50:55.274 14470 14912 I RPC called: WorldTime
08-06 20:50:56.289 14470 14912 I RPC called: WorldTime
08-06 20:50:57.223 14470 14912 I RPC called: WorldTime
08-06 20:50:58.224 14470 14912 I RPC called: WorldTime
08-06 20:50:59.268 14470 14912 I RPC called: WorldTime
08-06 20:51:00.223 14470 14912 I RPC called: WorldTime
08-06 20:51:01.318 14470 14912 I RPC called: WorldTime
08-06 20:51:02.214 14470 14912 I RPC called: WorldTime
08-06 20:51:03.265 14470 14912 I RPC called: WorldTime
08-06 20:51:04.276 14470 14912 I RPC called: WorldTime
08-06 20:51:05.314 14470 14912 I RPC called: WorldTime
08-06 20:51:06.246 14470 14912 I RPC called: WorldTime
08-06 20:51:07.242 14470 14912 I RPC called: WorldTime
08-06 20:51:08.271 14470 14912 I RPC called: WorldTime
08-06 20:51:09.224 14470 14912 I RPC called: WorldTime
08-06 20:51:10.330 14470 14912 I RPC called: WorldTime
08-06 20:51:11.241 14470 14912 I RPC called: WorldTime
08-06 20:51:12.243 14470 14912 I RPC called: WorldTime
08-06 20:51:12.528 14470 14912 I RPC called: RPC: ScrSetPlayerPos
08-06 20:51:12.552 14470 14912 I AXL : [BAG_OBJECT] RequestModelStream: skip ch 1, posn 0x00000000 (img 0), sectors 0, model 1173, type 0
08-06 20:51:12.683 14470 14912 I AXL : [BAG_OBJECT] RequestModelStream: skip ch 1, posn 0x00000000 (img 0), sectors 0, model 1175, type 0
08-06 20:51:12.683 14470 14912 I AXL : [BAG_OBJECT] RequestModelStream: skip ch 0, posn 0x00000000 (img 0), sectors 0, model 1174, type 0
08-06 20:51:12.687 14470 14912 I AXL : [BAG_OBJECT] RequestModelStream: skip ch 1, posn 0x00000000 (img 0), sectors 0, model 1177, type 0
08-06 20:51:12.687 14470 14912 I AXL : [BAG_OBJECT] RequestModelStream: skip ch 0, posn 0x00000000 (img 0), sectors 0, model 1180, type 0
08-06 20:51:12.691 14470 14912 I AXL : [BAG_OBJECT] RequestModelStream: skip ch 1, posn 0x00000000 (img 0), sectors 0, model 1179, type 0
08-06 20:51:12.716 14470 14912 I RPC called: RPC: ScrSetPlayerInterior
08-06 20:51:12.735 14470 14912 I AXL : [BAG_OBJECT] RequestModelStream: skip ch 0, posn 0x00000000 (img 0), sectors 0, model 1176, type 0
08-06 20:51:13.219 14470 14912 I RPC called: WorldTime
08-06 20:51:14.217 14470 14912 I RPC called: WorldTime
08-06 20:51:15.232 14470 14912 I RPC called: WorldTime
08-06 20:51:16.222 14470 14912 I RPC called: WorldTime
08-06 20:51:17.279 14470 14912 I RPC called: WorldTime
08-06 20:51:18.219 14470 14912 I RPC called: WorldTime
08-06 20:51:19.261 14470 14912 I RPC called: WorldTime
08-06 20:51:20.253 14470 14912 I RPC called: WorldTime
08-06 20:51:21.275 14470 14912 I RPC called: WorldTime
08-06 20:51:22.305 14470 14912 I RPC called: WorldTime
08-06 20:51:23.329 14470 14912 I RPC called: WorldTime
08-06 20:51:24.234 14470 14912 I RPC called: WorldTime
08-06 20:51:25.280 14470 14912 I RPC called: WorldTime
08-06 20:51:26.293 14470 14912 I RPC called: WorldTime
08-06 20:51:27.282 14470 14912 I RPC called: WorldTime
08-06 20:51:28.238 14470 14912 I RPC called: WorldTime
08-06 20:51:29.260 14470 14912 I RPC called: WorldTime
08-06 20:51:30.297 14470 14912 I RPC called: WorldTime
08-06 20:51:31.235 14470 14912 I RPC called: WorldTime
08-06 20:51:32.241 14470 14912 I RPC called: WorldTime
08-06 20:51:33.269 14470 14912 I RPC called: WorldTime
08-06 20:51:34.224 14470 14912 I RPC called: WorldTime
08-06 20:51:35.281 14470 14912 I RPC called: WorldTime
08-06 20:51:36.289 14470 14912 I RPC called: WorldTime
08-06 20:51:37.262 14470 14912 I RPC called: WorldTime
08-06 20:51:38.292 14470 14912 I RPC called: WorldTime
08-06 20:51:39.247 14470 14912 I RPC called: WorldTime
08-06 20:51:40.220 14470 14912 I RPC called: WorldTime
08-06 20:51:41.243 14470 14912 I RPC called: WorldTime
08-06 20:51:42.274 14470 14912 I RPC called: WorldTime
08-06 20:51:43.213 14470 14912 I RPC called: WorldTime
08-06 20:51:44.319 14470 14912 I RPC called: WorldTime
08-06 20:51:45.241 14470 14912 I RPC called: WorldTime
08-06 20:51:46.213 14470 14912 I RPC called: WorldTime
08-06 20:51:47.286 14470 14912 I RPC called: WorldTime
08-06 20:51:47.894 14470 14470 I System.out: GTASA onPause
08-06 20:51:47.949 14470 14470 D FirebaseSessions: App backgrounded on com.bratva.game
08-06 20:51:48.255 14470 14912 I RPC called: WorldTime
08-06 20:51:48.633 14470 14470 I System.out: systemInit.surfaceDestroyed
08-06 20:51:48.638 14470 14900 D com.bratva.game: PlayerBase::pause() from IPlayer
08-06 20:51:48.638 14470 14470 D NVEvent : java unblocking from native handling pause
08-06 20:51:48.639 14470 14470 I System.out: *** destroyEGLSurface
08-06 20:51:48.808 14470 14470 I System.out: getInstance: 6
08-06 20:51:48.809 14470 14470 I System.out: instance ready for 6, return ui
08-06 20:51:48.830 14470 14470 I System.out: GTASA onStop
08-06 20:51:50.108 14470 15209 I FA : Application backgrounded at: timestamp_millis: 1786027908099
08-06 20:52:31.546 14470 14470 I System.out: GTASA onRestart
08-06 20:52:31.546 14470 14470 I System.out: GTASA onStart
08-06 20:52:31.549 14470 14470 I System.out: GTASA onResume
08-06 20:52:31.550 14470 14470 D FirebaseSessions: App foregrounded on com.bratva.game
08-06 20:52:31.584 14470 14470 I System.out: systemInit.surfaceCreated
08-06 20:52:31.584 14470 14470 I System.out: entering resumeEvent
08-06 20:52:31.584 14470 14470 I System.out: returned from resumeEvent
08-06 20:52:31.585 14470 14900 I System.out: InitEGLAndGLES2
08-06 20:52:31.585 14470 14470 I System.out: Surface changed: 2400, 1080
08-06 20:52:31.585 14470 14900 I System.out: Should we create a surface?
08-06 20:52:31.585 14470 14900 I System.out: Yes! Calling create surface
08-06 20:52:31.585 14470 14900 D dfs : eglCreateWindowSurface err: 12288
08-06 20:52:31.585 14470 14900 D dfs : checking glVendor == null?
08-06 20:52:31.586 14470 14900 D dfs : Done create EGL surface
08-06 20:52:31.586 14470 14900 I System.out: Done creating surface
08-06 20:52:31.611 14470 14470 I System.out: getInstance: 6
08-06 20:52:31.611 14470 14470 I System.out: instance ready for 6, return ui
08-06 20:52:31.628 14470 14910 I System.out: swapBuffer wait
08-06 20:52:31.784 14470 14912 I RPC called: WorldTime
08-06 20:52:31.784 14470 14912 I RPC called: WorldTime
08-06 20:52:31.784 14470 1